 3142231343 (base 5) in base 8?
31136562
Convert -7a3401 (base 13) to base 5.
-1220020204
What is -7cd54e (base 16) in base 2?
-11111001101010101001110
Convert 367be (base 15) to base 16.
2a737
171911 (base 14) to base 6
25215455
What is -11651a (base 11) in base 7?
-1365221
What is -1933b7 (base 14) in base 2?
-11011001111010000101
What is -103076 (base 9) in base 12?
-2b589
-124a7 (base 15) to base 11
-3a9a0
613250 (base 9) to base 6
11441413
Convert -1101110001011110100011 (base 2) to base 16.
-3717a3
-264b0a (base 12) to base 15
-c6c91
What is -10333452 (base 6) in base 5?
-34323401
Convert -127063 (base 8) to base 4.
-22320303
1201020 (base 6) to base 8
171744
Convert 111100320211 (base 4) to base 7.
65244154
Convert 888466 (base 10) to base 5.
211412331
248683 (base 10) to base 7
2054011
What is -3003e5 (base 15) in base 10?
-2279015
Convert 130300113220 (base 4) to base 3.
112011222101211
Convert 781b (base 15) to base 11.
18138
What is -10202121202 (base 3) in base 9?
-122552
What is 34510522 (base 7) in base 5?
1233343142
13539d6 (base 14) to base 10
9345272
b842a6 (base 12) to base 10
2910366
What is 310433245 (base 6) in base 9?
11061022
-21020111122111 (base 3) to base 12
-1356b1a
Convert -bb971 (base 12) to base 5.
-30422420
Convert -10012022121 (base 3) to base 13.
-22846
-10241 (base 8) to base 9
-5750
Convert -14296a (base 11) to base 2.
-110110100011010010
-112612 (base 9) to base 3
-10102200102
-2031302131 (base 4) to base 3
-1002111122211
Convert 44240 (base 10) to base 3.
2020200112
Convert 671655 (base 8) to base 13.
7bc78
-2121211212 (base 3) to base 8
-144677
-200211210121102 (base 3) to base 5
-10030432331
Convert 135700 (base 11) to base 4.
303313330
Convert 42a39 (base 15) to base 8.
635142
-1042013444 (base 5) to base 16
-23108f
What is 32011360 (base 7) in base 16?
29557c
Convert -110220003000 (base 4) to base 5.
-2341010122
What is 13013a5 (base 12) in base 3?
21000202010122
Convert -2101300313 (base 4) to base 7.
-5034443
Convert -82c5 (base 15) to base 14.
-a0dd
Convert -2320422 (base 5) to base 16.
-a403
Convert -11737646 (base 8) to base 2.
-1001111011111110100110
What is -30df1 (base 16) in base 10?
-200177
What is 752177 (base 11) in base 6?
41443233
2063a06 (base 11) to base 4
31313233101
What is -6777a (base 11) in base 3?
-11222120020
Convert -751c51 (base 13) to base 4.
-22132130203
-29336a6 (base 11) to base 10
-5041339
1442430234 (base 5) to base 6
215010203
Convert -2010343324 (base 5) to base 12.
-1408ab6
What is 54035 (base 10) in base 4?
31030103
Convert -1915582 (base 11) to base 16.
-317c03
What is -10010111100101111100 (base 2) in base 7?
-5164163
Convert 222535 (base 8) to base 6.
1335405
-685ca1 (base 13) to base 16
-25ae0e
What is -41242421 (base 5) in base 11?
-210409
What is -27758 (base 10) in base 5?
-1342013
Convert -1732371 (base 12) to base 4.
-102102122011
691748 (base 10) to base 13
1b2b25
Convert -5203047 (base 9) to base 16.
-2a61bd
-25145 (base 12) to base 2
-1100010010000101
184519 (base 11) to base 8
1052740
What is -276678 (base 9) in base 3?
-22120202122
What is 10113313111 (base 4) in base 12?
473471
Convert 10100100011101110001 (base 2) to base 14.
1376db
Convert -161557 (base 8) to base 14.
-1730b
What is -3004114332 (base 5) in base 8?
-26466511
311032121 (base 5) to base 13
355090
What is -59894a (base 11) in base 14?
-1a9ac7
What is 1581514 (base 10) in base 6?
53521454
Convert -221212000100 (base 3) to base 5.
-112240401
Convert 129afd (base 16) to base 6.
42045005
What is -40300241 (base 6) in base 5?
-243040134
What is 312333040 (base 5) in base 12?
524253
What is -3942816 (base 10) in base 7?
-45341043
What is 1a68744 (base 13) in base 14?
123365a
Convert 480a52 (base 12) to base 10.
1162718
What is -3aed0 (base 15) in base 13?
-68022
Convert -3721706 (base 8) to base 16.
-fa3c6
What is -122032303 (base 5) in base 3?
-1002111001122
20202202010001 (base 3) to base 5
1410100333
Convert -110101000100110001 (base 2) to base 3.
-102001012121
21343130 (base 5) to base 6
3540341
What is -182d40 (base 14) in base 7?
-10152410
-115a940 (base 12) to base 7
-40351344
What is -36821 (base 9) in base 10?
-24724
What is 40bd49 (base 15) in base 16?
2ef5f3
What is -1081264 (base 10) in base 5?
-234100024
Convert -32404222 (base 5) to base 11.
-180422
What is 401422014 (base 5) in base 9?
2885887
What is -166341 (base 9) in base 6?
-2113101
What is -1555423 (base 6) in base 13?
-335a6
What is -1000100111011000 (base 2) in base 12?
-18508
What is -1110001010110101110 (base 2) in base 15?
-92887
Convert -22100022100222 (base 3) to base 2.
-10000111010101101011000
What is 142fd (base 16) in base 4?
110023331
What is -242322010 (base 5) in base 6?
-40202412
121201001121 (base 3) to base 9
551047
31545 (base 16) to base 6
4155233
What is a4236 (base 15) in base 11?
325966
-675643 (base 9) to base 2
-1100010101110100111
561223 (base 7) to base 11
68339
What is 53005555 (base 7) in base 3?
22102020100011
What is -1a45429 (base 12) in base 14?
-a4c86d
Convert 40543b (base 13) to base 7.
15503043
321100101010 (base 4) to base 16
e50444
Convert -18b2753 (base 12) to base 8.
-23676257
What is -8465384 (base 9) in base 8?
-21221556
Convert -80590 (base 11) to base 10.
-117832
Convert -31022002 (base 8) to base 6.
-352355230
Convert bc1c3 (base 14) to base 6.
13434303
3174513 (base 10) to base 2
1100000111000001110001
-2000010220 (base 3) to base 9
-60126
466556 (base 7) to base 10
83978
-314220442 (base 6) to base 8
-25044412
-3047527 (base 8) to base 12
-32aa47
Convert 2cd7b4 (base 14) to base 4.
12000033102
What is 13893 (base 14) in base 16?
bcd9
-12333444 (base 6) to base 12
-174284
What is 1141351 (base 7) in base 14?
3a998
111111111220 (base 3) to base 2
1000000111000000011
-12213222032 (base 4) to base 7
-20515133
What is 23508b (base 15) in base 3?
10011201222212
What is 1222210 (base 6) in base 13?
2395b
What is 162072 (base 9) in base 7?
564236
-25577 (base 9) to base 14
-63d8
What is 184876 (base 14) in base 6?
30215144
What is -746624 (base 8) in base 16?
-3cd94
Convert -1893808 (base 10) to base 7.
-22045210
What is -63431 (base 8) in base 15?
-7c48
-101122554 (base 6) to base 10
-1737286
52141 (base 11) to base 2
10010100100000001
-2020144403 (base 5) to base 4
-33201111320
What is -2626257 (base 8) in base 2?
-10110010110010101111
Convert -730316 (base 9) to base 12.
-18a8b0
Convert 4421646 (base 8) to base 4.
10202032212
Convert 110111111000100 (base 2) to base 14.
a5da
Convert -23c696 (base 14) to base 7.
-13261546
-754276 (base 8) to base 16
-3d8be
588885 (base 9) to base 14
93186
-393c6 (base 13) to base 4
-121322031
-7372440 (base 8) to base 2
-111011111010100100000
Convert -6000168 (base 9) to base 5.
-1304020124
What is 34345353 (base 6) in base 7?
11656125
13a571 (base 15) to base 12
397707
Convert -10001000101011000011011 (base 2) to base 4.
-101011120123
-3134102143 (base 5) to base 16
-63f31a
101111011000111110100001 (base 2) to base 8
57307641
Convert 136096 (base 11) to base 8.
640111
Convert -11000220122201 (base 3) to base 7.
-24135652
134453 (base 9) to base 10
82020
What is 207443 (base 9) in base 14?
33060
What is 12a098 (base 14) in base 6?
21433142
Convert -245150244 (base 6) to base 13.
-c96517
What is 1000202110221 (base 3) in base 7?
4433626
1011101100101100011 (base 2) to base 12
165a03
What is 2102020212 (base 3) in base 8?
134722
-14266441 (base 7) to base 13
-380c38
What is 57549b (base 12) in base 2?
101010101011101110111
What is 831a91 (base 12) in base 16?
1f5fcd
What is 1396c5 (base 13) in base 3?
220021120220
What is 1111212100201 (base 3) in base 7?
6560020
What is -110111111100010111 (base 2) in base 8?
-677427
Convert 11100011111101 (base 2) to base 5.
431324
What is 230483 (base 9) in base 3?
21000112210
What is 10120112220 (base 3) in base 2?
10001001011110010
-1011000001100111010 (base 2) to base 11
-227481
Convert 1400515 (base 7) to base 8.
551456
e41c (base 15) to base 4
23300301
-5091 (base 15) to base 9
-25301
Convert -502c38 (base 13) to base 10.
-1862934
What is -1965a7 (base 11) in base 13?
-a7326
3a6077 (base 11) to base 16
9bac1
Convert 10000000101101010000 (base 2) to base 8.
2005520
Convert 222022011 (base 3) to base 2.
100101